s the remainder when 733 is divided by x(9)?
29
Let o = -29 + 11. Let j = -1 - o. What is the remainder when 42 is divided by j?
8
Let j(a) = -40*a + 58. Calculate the remainder when 123 is divided by j(0).
7
Let d = 427 - 384. What is the remainder when 49 is divided by d?
6
Suppose 0 = -o - 0*o + 12. Let l(i) = -i**2 - 2*i - 6. Let f be l(-6). Let p = f - -35. What is the remainder when o is divided by p?
2
Let j(p) be the third derivative of p**5/20 + p**4/6 + p**3/3 + 7*p**2. Suppose -4*c - 10 = c. Calculate the remainder when 22 is divided by j(c).
4
Let k(p) = p - 33. Let f(s) = -s + 1. Let c(b) = -2*f(b) - k(b). Calculate the remainder when 97 is divided by c(-10).
13
Let z = -1077 - -1189. Calculate the remainder when z is divided by 37.
1
Suppose o + 4*z = -0 + 3, -3*o = -2*z - 9. Suppose 39 = o*u + 3. Suppose -68 = -q - q. Calculate the remainder when q is divided by u.
10
Suppose 0 = -0*f - 5*f + 420. Let u = 644 + -633. Calculate the remainder when f is divided by u.
7
Suppose 515*s = 512*s + 177. Calculate the remainder when s is divided by 45.
14
Let c(u) = -8*u + 135. What is the remainder when c(16) is divided by 1?
0
Let i = -245 - -551. Calculate the remainder when i is divided by 14.
12
Suppose z = -0*z + 2. Suppose -44 = -z*u - 3*u - 3*a, 4*a = 2*u - 28. What is the remainder when ((-92)/u)/(3/(-15)) is divided by 24?
22
Let w(q) = -8*q - 15. What is the remainder when w(-2) is divided by 1?
0
Suppose 9*b + 2*g = 8*b + 1, 4*b - 22 = g. Calculate the remainder when 42 is divided by b.
2
Let u(h) be the third derivative of -7*h**4/24 + 5*h**3/3 - 10*h**2. What is the remainder when u(-10) is divided by 27?
26
Let c(u) = -8*u - 34. Let v(g) = -g**3 - 6*g**2 - 4*g + 5. Calculate the remainder when v(-6) is divided by c(-5).
5
Suppose 2 = z + z. Suppose 16 = 2*s + 14*s. Calculate the remainder when z is divided by s.
0
Suppose 0 = -0*b - 5*b + 3*o + 206, -3*b - 5*o = -110. Suppose -b = -t - 0*t. What is the remainder when t is divided by 21?
19
Let z(k) = -k**3 + 6*k**2 - 2*k + 1. Let s be z(3). What is the remainder when 155 is divided by (-429)/s*((-7)/3 - -1)?
25
Suppose -2*z - a + 25 = 0, 13*z = 8*z + 3*a + 90. Calculate the remainder when 358 is divided by z.
13
Suppose -336 = -4*y - 5*i, -259 = -3*y + i - 3*i. Let p = 94 - y. Calculate the remainder when 15 is divided by p.
0
Let o = -1 + 8. What is the remainder when 50 is divided by o?
1
Suppose -3*j + 2*j = -4. Suppose 94 = 2*f - 0*f + j*s, -3*s = -f + 22. Let d = -6 - -19. What is the remainder when f is divided by d?
11
What is the remainder when 278 is divided by -21 + 41 + 0/2?
18
Suppose 14*r = 26*r - 60. Calculate the remainder when 476 is divided by r.
1
Let z = 455 - 389. Calculate the remainder when z is divided by 15.
6
Suppose 2*w - 5*m = 154, -w + 248 = 3*w + 5*m. What is the remainder when w is divided by 23?
21
Suppose 0 = 21*z - 10*z - 15*z + 20. Calculate the remainder when (0 - -19)/((-1)/(-2)) is divided by z.
3
Suppose 0*h - 3*h = -15. Suppose 4*r = h*n + 250, n - 2*n = -2*r + 128. Let v = -42 + 59. What is the remainder when r is divided by v?
14
Let m = 1 - -7. Let w(i) = -i**3 + 7*i**2 - 16*i - 5. Let x be w(7). What is the remainder when 0 - 4/18 - 3536/x is divided by m?
6
Let x(b) = -b**3 + 4*b**2 + 7*b + 2. Let y be x(5). Suppose -3*z + 4*w = -12, -2*w = 2*w + y. Let q = z + 5. What is the remainder when q is divided by 4?
1
Let c(u) = -8*u - 12. Let y be c(-4). What is the remainder when ((-1165)/y)/(1/(-4)) - 0 is divided by 59?
56
What is the remainder when 171 is divided by (-198)/(-22) - (0 - 52)?
49
Let q(j) = -j**3 + 8*j**2 - 9*j + 7. Suppose -16 = -4*z + 4. Suppose -z*v + 343 = 2*v. What is the remainder when v is divided by q(6)?
24
Let a = -27 + 76. Suppose a = 9*u - 122. What is the remainder when 74 is divided by u?
17
What is the remainder when (450/(-4))/(56/(-112)) is divided by 3?
0
Suppose j - 52 = -4*n - 33, -3*j - 45 = -5*n. Suppose i - 23 = -p - i, 0 = -3*p + 3*i + 87. What is the remainder when p is divided by n?
3
Let b(d) = 33*d**2 - 2*d - 13. What is the remainder when b(-2) is divided by 72?
51
Let j(y) = -2*y + 9. Suppose 2*l = -3*k - k - 12, -4*k = -4*l + 12. Calculate the remainder when j(l) is divided by 7.
2
Suppose 0 = -4*w - 2*f + 446, -128*f + 331 = 3*w - 130*f. Calculate the remainder when w is divided by 4.
3
Let z be (-2 - 0) + (-2 - -2). Let q(k) = -2*k**3 - 4*k**2 - 2*k + 2. Let s be q(z). Suppose -2*p + 22 = -s. What is the remainder when 26 is divided by p?
12
Suppose 5*z + 20 = 0, 0*b + 4*z + 91 = -5*b. Calculate the remainder when 6 is divided by 20/80 - b/4.
2
Let m = 434 - 294. Let g = m - 89. Let y = g + -32. What is the remainder when y is divided by 5?
4
Suppose 2*z = 223 - 69. What is the remainder when z is divided by 41?
36
Suppose -10*o + 105 = -5*o. What is the remainder when 165 is divided by o?
18
Let i = 18 - 8. Let u be (9 - -3) + (-4)/(-2). Suppose -u*c + i*c = -180. Calculate the remainder when c is divided by 16.
13
Let n(m) = m**3 - 6*m**2 + 7*m - 31. Let b(f) = -8*f. What is the remainder when b(-5) is divided by n(6)?
7
Let t = 1279 - 1278. Let w = -3 + 7. Calculate the remainder when w is divided by t.
0
Let y = -113 - -108. Let t(k) = -21*k - 91. What is the remainder when 138 is divided by t(y)?
12
Suppose 4*s - h - 140 = 0, -27*s - 2*h - 105 = -30*s. What is the remainder when 200 is divided by s?
25
Suppose 2*r = -5*c - 4, 3*r + 4*c + 4 - 5 = 0. What is the remainder when 101 is divided by r?
2
Let o be (-53)/(1*(-4 + 3)). Let a = 64 - o. Calculate the remainder when 26 is divided by a.
4
Let b = -9 - -18. Let x(f) = 4*f**2 - 28*f + 40. Let i(p) = p**2 - 7*p + 10. Let q(t) = b*i(t) - 2*x(t). Calculate the remainder when q(7) is divided by 4.
2
Suppose 5*c = 0, 3*c = 2*h + 2*h - 4756. What is the remainder when h is divided by 35?
34
Let b = 23 + -14. Let x be 0 + (-12)/b*-3. Calculate the remainder when 7 is divided by x/14 - (-130)/35.
3
Let t be ((12/(-8))/(-1))/((-1)/32). Let b = 5 + -4. What is the remainder when 4*3/t*-4 is divided by b?
0
Let i = 35 - 28. Suppose 4*r - i = -3*l, 2*r - 1 = 5*r + l. What is the remainder when (r + 15/6)*30 is divided by 4?
3
Suppose 3*l + 25 + 250 = 4*v, 0 = v + l - 74. Suppose f - v + 18 = 0. What is the remainder when 156 is divided by f?
50
Suppose -j = -3*j - o - 128, 0 = 3*j + o + 194. Let n = j - -104. Let t = -10 + 20. Calculate the remainder when n is divided by t.
8
What is the remainder when 251 is divided by (8 - 3 - 3)/((-56)/(-1484))?
39
Let x(a) = -223*a + 1803. Calculate the remainder when (-2 - -3)/(1/151) is divided by x(8).
18
What is the remainder when 140 is divided by (-924)/(-56) - (-1)/(-2)?
12
Let v(m) = -4*m - 4 + 0*m**2 - 2*m + m**2. What is the remainder when (-3)/(-6)*8 + 40 is divided by v(8)?
8
Let t be 1 + ((-1)/1 - 2). Let p be 2*(t + 0/2). What is the remainder when (6/p)/(6/(-112)) is divided by 10?
8
Let n(i) = -2*i + 2. Let t be n(0). Suppose t*r - 135 = -r + 3*x, -x - 88 = -2*r. What is the remainder when r is divided by 2/((-56)/30 + 2)?
13
Suppose -13*x + 138 = 2*l - 9*x, 2*l - x = 143. Calculate the remainder when 272 is divided by l.
59
Suppose -7*d + 5*d - 2*o + 18 = 0, 5*d = -2*o + 30. Calculate the remainder when (-2 + 1)*(-15 + 0) is divided by d.
3
Suppose -4*g + 1357 = 3*w - 614, 5*w - 3285 = 2*g. What is the remainder when w is divided by 11?
8
Let a(k) = k**2 - 2 + 1 + 11 - 3*k. Let n = 32 + -21. What is the remainder when a(5) is divided by n?
9
Suppose 288 = -11*p + 17*p. What is the remainder when 573 is divided by p?
45
Suppose -2 = -4*w + 6, 35 = -v - 3*w. What is the remainder when v*(-3 - -2)*1 is divided by ((-240)/50 + 2)*(-5 - 0)?
13
What is the remainder when 23 is divided by ((-9)/4)/(15/(-60))?
5
Suppose -q - 16 = -5*r - 4*q, 6 = 4*r - q. Suppose -r*d - 2*d = 0. Suppose -3*j + 12 = d, -5*a + j = -4*j - 40. What is the remainder when 22 is divided by a?
10
Let t(m) = -9*m + 4. Let d be -4 + (-12)/8*-6. Suppose 2*w = 3*p + d, -2*w - 4*p - 2 - 28 = 0. Calculate the remainder when t(w) is divided by 26.
23
Suppose 0 = x + 3*x - 20. Suppose -3*i + l + 27 = -49, 0 = x*i - 2*l - 127. Let c = -8 + i. What is the remainder when 32 is divided by c?
15
Let m(o) = 11*o + 617. What is the